{"id":3700,"date":"2024-04-19T07:52:53","date_gmt":"2024-04-19T06:52:53","guid":{"rendered":"https:\/\/djk-fc-sesslach.de\/?page_id=3700"},"modified":"2025-11-07T10:21:21","modified_gmt":"2025-11-07T09:21:21","slug":"maedchenfussball-2","status":"publish","type":"page","link":"https:\/\/djk-fc-sesslach.de\/index.php\/fussball\/maedchenfussball-2\/","title":{"rendered":"M\u00c4DCHENFUSSBALL"},"content":{"rendered":"<article id=\"post-3693\" class=\"blog-post post-3693 post type-post status-publish format-standard sticky hentry category-news24\">\n<header class=\"post-header\"><\/header>\n<\/article>\n<article id=\"post-3693\" class=\"blog-post post-3693 post type-post status-publish format-standard sticky hentry category-news24\">\n<div class=\"post-content\">\n<div class=\"x11i5rnm xat24cr x1mh8g0r x1vvkbs xtlvy1s x126k92a\">\n<div dir=\"auto\"><span style=\"color: #ffffff;\">.<\/span><\/div>\n<\/div>\n<div class=\"x11i5rnm xat24cr x1mh8g0r x1vvkbs xtlvy1s x126k92a\">\n<div class=\"x11i5rnm xat24cr x1mh8g0r x1vvkbs xtlvy1s x126k92a\">\n<div dir=\"auto\">\n<div dir=\"auto\"><\/div>\n<div dir=\"auto\"><\/div>\n<div dir=\"auto\">Du willst bei und mitmachen?<\/div>\n<div dir=\"auto\"><\/div>\n<div dir=\"auto\">\n<div dir=\"auto\">Ansprechpartner:<\/div>\n<div dir=\"auto\"><strong>Daniel M\u00fcller \u2013 Mobilnummer 0173 9555500<\/strong><\/div>\n<\/div>\n<div dir=\"auto\"><\/div>\n<\/div>\n<\/div>\n<div dir=\"auto\"><\/div>\n<div class=\"x11i5rnm xat24cr x1mh8g0r x1vvkbs xtlvy1s x126k92a\">\n<div dir=\"auto\">\n<div dir=\"auto\">\n<div dir=\"auto\">\n<div dir=\"auto\"><strong>Trainingszeiten:<\/strong><\/div>\n<div dir=\"auto\"><strong>Montag &amp; Mittwoch jeweils 17 \u2013 18:30 Uhr<\/strong><\/div>\n<div dir=\"auto\"><\/div>\n<\/div>\n<\/div>\n<div dir=\"auto\"><\/div>\n<\/div>\n<div dir=\"auto\">Zur Saison 2025\/2026 haben wir folgende Teams im Spielbetrieb:<\/div>\n<\/div>\n<div class=\"x11i5rnm xat24cr x1mh8g0r x1vvkbs xtlvy1s x126k92a\">\n<ul>\n<li dir=\"auto\"><strong>C-Juniorinnen\/U15<\/strong><\/li>\n<li dir=\"auto\"><strong>D-Juniorinnen\/U13 &#8211; 2 Teams<\/strong><\/li>\n<\/ul>\n<\/div>\n<p><span style=\"color: #ffffff;\">.<\/span><\/p>\n<\/div>\n<p><img loading=\"lazy\" decoding=\"async\" class=\"alignnone size-medium wp-image-3805\" src=\"https:\/\/djk-fc-sesslach.de\/wp-content\/uploads\/2024\/05\/maedchen11-300x284.jpg\" alt=\"\" width=\"300\" height=\"284\" srcset=\"https:\/\/djk-fc-sesslach.de\/wp-content\/uploads\/2024\/05\/maedchen11-300x284.jpg 300w, https:\/\/djk-fc-sesslach.de\/wp-content\/uploads\/2024\/05\/maedchen11-1024x970.jpg 1024w, https:\/\/djk-fc-sesslach.de\/wp-content\/uploads\/2024\/05\/maedchen11-768x727.jpg 768w, https:\/\/djk-fc-sesslach.de\/wp-content\/uploads\/2024\/05\/maedchen11-1160x1099.jpg 1160w, https:\/\/djk-fc-sesslach.de\/wp-content\/uploads\/2024\/05\/maedchen11.jpg 1288w\" sizes=\"auto, (max-width: 300px) 100vw, 300px\" \/> <img loading=\"lazy\" decoding=\"async\" class=\"alignnone size-medium wp-image-3804\" src=\"https:\/\/djk-fc-sesslach.de\/wp-content\/uploads\/2024\/05\/maedchen-2-300x194.jpg\" alt=\"\" width=\"300\" height=\"194\" srcset=\"https:\/\/djk-fc-sesslach.de\/wp-content\/uploads\/2024\/05\/maedchen-2-300x194.jpg 300w, https:\/\/djk-fc-sesslach.de\/wp-content\/uploads\/2024\/05\/maedchen-2.jpg 692w\" sizes=\"auto, (max-width: 300px) 100vw, 300px\" \/><\/p>\n<\/div>\n<\/article>\n<div dir=\"auto\"><\/div>\n<div dir=\"auto\">\n<div class=\"xdj266r x11i5rnm xat24cr x1mh8g0r x1vvkbs x126k92a\">\n<div dir=\"auto\" style=\"text-align: center;\"><span class=\"html-span xdj266r x11i5rnm xat24cr x1mh8g0r xexx8yu x4uap5 x18d9i69 xkhd6sd x1hl2dhg x16tdsg8 x1vvkbs\"><a class=\"x1i10hfl xjbqb8w x1ejq31n xd10rxx x1sy0etr x17r0tee x972fbf xcfux6l x1qhh985 xm0m39n x9f619 x1ypdohk xt0psk2 xe8uvvx xdj266r x11i5rnm xat24cr x1mh8g0r xexx8yu x4uap5 x18d9i69 xkhd6sd x16tdsg8 x1hl2dhg xggy1nq x1a2a7pz x1sur9pj xkrqix3 x1fey0fg x1s688f\" tabindex=\"0\" role=\"link\" href=\"https:\/\/www.facebook.com\/hashtag\/lasstsiespielen?__eep__=6&amp;__cft__[0]=AZXGTBD4Z6IsfMyf-pn_-0gTI8BkXVf1LxymFtVqzYWtEfSbhfwZak7t2EsDdyT5_2f_oUZKsyefKI7d7AJH6qjzRjYzBk9_-nEa_TPFdLGTtz821vY5muxqWN00-P-OKqGYOearxWOLIRG01AnA7R8BvDczEcXXyHCel0HbVjAuRjGJFZFaDVL1Q5MNNimC75s&amp;__tn__=*NK-R\">#Lasstsiespielen<\/a><\/span> durchgespielt: Daniel M\u00fcller von der DJK\/FC 1922 Se\u00dflach aus Oberfranken hat mithilfe der M\u00e4dchenfu\u00dfball-Kampagne des Bayerischen Fu\u00dfball-Verbandes (BFV) drei M\u00e4dchenteams mit insgesamt \u00fcber 30 M\u00e4dchen gegr\u00fcndet \u2013 und hat weiterhin Gro\u00dfes vor.<\/div>\n<\/div>\n<div class=\"x11i5rnm xat24cr x1mh8g0r x1vvkbs xtlvy1s x126k92a\" style=\"text-align: center;\">\n<div dir=\"auto\">Den kompletten Artikel gibt es hier:<\/div>\n<div dir=\"auto\"><\/div>\n<div dir=\"auto\"><span class=\"html-span xdj266r x11i5rnm xat24cr x1mh8g0r xexx8yu x4uap5 x18d9i69 xkhd6sd x1hl2dhg x16tdsg8 x1vvkbs\"><a class=\"x1i10hfl xjbqb8w x1ejq31n xd10rxx x1sy0etr x17r0tee x972fbf xcfux6l x1qhh985 xm0m39n x9f619 x1ypdohk xt0psk2 xe8uvvx xdj266r x11i5rnm xat24cr x1mh8g0r xexx8yu x4uap5 x18d9i69 xkhd6sd x16tdsg8 x1hl2dhg xggy1nq x1a2a7pz x1sur9pj xkrqix3 x1fey0fg x1s688f\" tabindex=\"0\" role=\"link\" href=\"https:\/\/www.bfv.de\/news\/lasstsiespielen\/2024\/11\/bfv-kampagne-beschert-der-djk-fc-sesslach-31-neue-madels?fbclid=IwZXh0bgNhZW0CMTAAAR1PXnzCQNDWw7DSwWzSFxW1zONZlICOQG8qoe8ZVEZw1CayuUZaREfrGMQ_aem_wcsgsDxEpO8XPMu7nNY5Sw\" target=\"_blank\" rel=\"nofollow noopener\">https:\/\/www.bfv.de\/&#8230;\/bfv-kampagne-beschert-der-djk-fc&#8230;<\/a><\/span><\/div>\n<\/div>\n<div class=\"x11i5rnm xat24cr x1mh8g0r x1vvkbs xtlvy1s x126k92a\">\n<div dir=\"auto\"><\/div>\n<div dir=\"auto\" style=\"text-align: center;\"><\/div>\n<\/div>\n<div dir=\"auto\"><\/div>\n<\/div>\n<div dir=\"auto\"><\/div>\n<div dir=\"auto\"><img loading=\"lazy\" decoding=\"async\" class=\"size-medium wp-image-3923 aligncenter\" src=\"https:\/\/djk-fc-sesslach.de\/wp-content\/uploads\/2024\/11\/Daniel-300x200.jpg\" alt=\"\" width=\"300\" height=\"200\" srcset=\"https:\/\/djk-fc-sesslach.de\/wp-content\/uploads\/2024\/11\/Daniel-300x200.jpg 300w, https:\/\/djk-fc-sesslach.de\/wp-content\/uploads\/2024\/11\/Daniel-1024x682.jpg 1024w, https:\/\/djk-fc-sesslach.de\/wp-content\/uploads\/2024\/11\/Daniel-768x512.jpg 768w, https:\/\/djk-fc-sesslach.de\/wp-content\/uploads\/2024\/11\/Daniel-1160x773.jpg 1160w, https:\/\/djk-fc-sesslach.de\/wp-content\/uploads\/2024\/11\/Daniel.jpg 1376w\" sizes=\"auto, (max-width: 300px) 100vw, 300px\" \/><\/div>\n<article id=\"post-3693\" class=\"blog-post post-3693 post type-post status-publish format-standard sticky hentry category-news24\">\n<div class=\"post-content\">\n<div class=\"x11i5rnm xat24cr x1mh8g0r x1vvkbs xtlvy1s x126k92a\">\n<div dir=\"auto\"><\/div>\n<\/div>\n<div class=\"x11i5rnm xat24cr x1mh8g0r x1vvkbs xtlvy1s x126k92a\">\n<div dir=\"auto\"><\/div>\n<\/div>\n<\/div>\n<\/article>\n","protected":false},"excerpt":{"rendered":"<p>. Du willst bei und mitmachen? Ansprechpartner: Daniel M\u00fcller \u2013 Mobilnummer 0173 9555500 Trainingszeiten: Montag &amp; Mittwoch jeweils 17 \u2013 18:30 Uhr Zur Saison 2025\/2026 haben wir folgende Teams im Spielbetrieb: C-Juniorinnen\/U15 D-Juniorinnen\/U13 &#8211; 2 Teams . #Lasstsiespielen durchgespielt: Daniel M\u00fcller von der DJK\/FC 1922 Se\u00dflach aus Oberfranken hat mithilfe der M\u00e4dchenfu\u00dfball-Kampagne des Bayerischen Fu\u00dfball-Verbandes (BFV) drei M\u00e4dchenteams mit insgesamt \u00fcber 30 M\u00e4dchen gegr\u00fcndet \u2013 und hat weiterhin Gro\u00dfes vor. Den kompletten Artikel gibt es hier: https:\/\/www.bfv.de\/&#8230;\/bfv-kampagne-beschert-der-djk-fc&#8230;<\/p>\n","protected":false},"author":1,"featured_media":0,"parent":3703,"menu_order":0,"comment_status":"closed","ping_status":"closed","template":"","meta":{"footnotes":""},"class_list":["post-3700","page","type-page","status-publish","hentry"],"acf":[],"_links":{"self":[{"href":"https:\/\/djk-fc-sesslach.de\/index.php\/wp-json\/wp\/v2\/pages\/3700","targetHints":{"allow":["GET"]}}],"collection":[{"href":"https:\/\/djk-fc-sesslach.de\/index.php\/wp-json\/wp\/v2\/pages"}],"about":[{"href":"https:\/\/djk-fc-sesslach.de\/index.php\/wp-json\/wp\/v2\/types\/page"}],"author":[{"embeddable":true,"href":"https:\/\/djk-fc-sesslach.de\/index.php\/wp-json\/wp\/v2\/users\/1"}],"replies":[{"embeddable":true,"href":"https:\/\/djk-fc-sesslach.de\/index.php\/wp-json\/wp\/v2\/comments?post=3700"}],"version-history":[{"count":12,"href":"https:\/\/djk-fc-sesslach.de\/index.php\/wp-json\/wp\/v2\/pages\/3700\/revisions"}],"predecessor-version":[{"id":4216,"href":"https:\/\/djk-fc-sesslach.de\/index.php\/wp-json\/wp\/v2\/pages\/3700\/revisions\/4216"}],"up":[{"embeddable":true,"href":"https:\/\/djk-fc-sesslach.de\/index.php\/wp-json\/wp\/v2\/pages\/3703"}],"wp:attachment":[{"href":"https:\/\/djk-fc-sesslach.de\/index.php\/wp-json\/wp\/v2\/media?parent=3700"}],"curies":[{"name":"wp","href":"https:\/\/api.w.org\/{rel}","templated":true}]}}

MÄDCHENFUSSBALL

<article id="post-3693" class="blog-post post-3693 post type-post status-publish format-standard sticky hentry category-news24">
<header class="post-header"></header>
</article>
<article id="post-3693" class="blog-post post-3693 post type-post status-publish format-standard sticky hentry category-news24">
<div class="post-content">
<div class="x11i5rnm xat24cr x1mh8g0r x1vvkbs xtlvy1s x126k92a">
<div dir="auto"><span style="color: #ffffff;">.</span></div>
</div>
<div class="x11i5rnm xat24cr x1mh8g0r x1vvkbs xtlvy1s x126k92a">
<div class="x11i5rnm xat24cr x1mh8g0r x1vvkbs xtlvy1s x126k92a">
<div dir="auto">
<div dir="auto"></div>
<div dir="auto"></div>
<div dir="auto">Du willst bei und mitmachen?</div>
<div dir="auto"></div>
<div dir="auto">
<div dir="auto">Ansprechpartner:</div>
<div dir="auto"><strong>Daniel Müller – Mobilnummer 0173 9555500</strong></div>
</div>
<div dir="auto"></div>
</div>
</div>
<div dir="auto"></div>
<div class="x11i5rnm xat24cr x1mh8g0r x1vvkbs xtlvy1s x126k92a">
<div dir="auto">
<div dir="auto">
<div dir="auto">
<div dir="auto"><strong>Trainingszeiten:</strong></div>
<div dir="auto"><strong>Montag &amp; Mittwoch jeweils 17 – 18:30 Uhr</strong></div>
<div dir="auto"></div>
</div>
</div>
<div dir="auto"></div>
</div>
<div dir="auto">Zur Saison 2025/2026 haben wir folgende Teams im Spielbetrieb:</div>
</div>
<div class="x11i5rnm xat24cr x1mh8g0r x1vvkbs xtlvy1s x126k92a">
<ul>
<li dir="auto"><strong>C-Juniorinnen/U15</strong></li>
<li dir="auto"><strong>D-Juniorinnen/U13 &#8211; 2 Teams</strong></li>
</ul>
</div>
<p><span style="color: #ffffff;">.</span></p>
</div>
<p><img loading="lazy" decoding="async" class="alignnone size-medium wp-image-3805" src="https://djk-fc-sesslach.de/wp-content/uploads/2024/05/maedchen11-300x284.jpg" alt="" width="300" height="284" srcset="https://djk-fc-sesslach.de/wp-content/uploads/2024/05/maedchen11-300x284.jpg 300w, https://djk-fc-sesslach.de/wp-content/uploads/2024/05/maedchen11-1024x970.jpg 1024w, https://djk-fc-sesslach.de/wp-content/uploads/2024/05/maedchen11-768x727.jpg 768w, https://djk-fc-sesslach.de/wp-content/uploads/2024/05/maedchen11-1160x1099.jpg 1160w, https://djk-fc-sesslach.de/wp-content/uploads/2024/05/maedchen11.jpg 1288w" sizes="auto, (max-width: 300px) 100vw, 300px" /> <img loading="lazy" decoding="async" class="alignnone size-medium wp-image-3804" src="https://djk-fc-sesslach.de/wp-content/uploads/2024/05/maedchen-2-300x194.jpg" alt="" width="300" height="194" srcset="https://djk-fc-sesslach.de/wp-content/uploads/2024/05/maedchen-2-300x194.jpg 300w, https://djk-fc-sesslach.de/wp-content/uploads/2024/05/maedchen-2.jpg 692w" sizes="auto, (max-width: 300px) 100vw, 300px" /></p>
</div>
</article>
<div dir="auto"></div>
<div dir="auto">
<div class="xdj266r x11i5rnm xat24cr x1mh8g0r x1vvkbs x126k92a">
<div dir="auto" style="text-align: center;"><span class="html-span xdj266r x11i5rnm xat24cr x1mh8g0r xexx8yu x4uap5 x18d9i69 xkhd6sd x1hl2dhg x16tdsg8 x1vvkbs"><a class="x1i10hfl xjbqb8w x1ejq31n xd10rxx x1sy0etr x17r0tee x972fbf xcfux6l x1qhh985 xm0m39n x9f619 x1ypdohk xt0psk2 xe8uvvx xdj266r x11i5rnm xat24cr x1mh8g0r xexx8yu x4uap5 x18d9i69 xkhd6sd x16tdsg8 x1hl2dhg xggy1nq x1a2a7pz x1sur9pj xkrqix3 x1fey0fg x1s688f" tabindex="0" role="link" href="https://www.facebook.com/hashtag/lasstsiespielen?__eep__=6&amp;__cft__[0]=AZXGTBD4Z6IsfMyf-pn_-0gTI8BkXVf1LxymFtVqzYWtEfSbhfwZak7t2EsDdyT5_2f_oUZKsyefKI7d7AJH6qjzRjYzBk9_-nEa_TPFdLGTtz821vY5muxqWN00-P-OKqGYOearxWOLIRG01AnA7R8BvDczEcXXyHCel0HbVjAuRjGJFZFaDVL1Q5MNNimC75s&amp;__tn__=*NK-R">#Lasstsiespielen</a></span> durchgespielt: Daniel Müller von der DJK/FC 1922 Seßlach aus Oberfranken hat mithilfe der Mädchenfußball-Kampagne des Bayerischen Fußball-Verbandes (BFV) drei Mädchenteams mit insgesamt über 30 Mädchen gegründet – und hat weiterhin Großes vor.</div>
</div>
<div class="x11i5rnm xat24cr x1mh8g0r x1vvkbs xtlvy1s x126k92a" style="text-align: center;">
<div dir="auto">Den kompletten Artikel gibt es hier:</div>
<div dir="auto"></div>
<div dir="auto"><span class="html-span xdj266r x11i5rnm xat24cr x1mh8g0r xexx8yu x4uap5 x18d9i69 xkhd6sd x1hl2dhg x16tdsg8 x1vvkbs"><a class="x1i10hfl xjbqb8w x1ejq31n xd10rxx x1sy0etr x17r0tee x972fbf xcfux6l x1qhh985 xm0m39n x9f619 x1ypdohk xt0psk2 xe8uvvx xdj266r x11i5rnm xat24cr x1mh8g0r xexx8yu x4uap5 x18d9i69 xkhd6sd x16tdsg8 x1hl2dhg xggy1nq x1a2a7pz x1sur9pj xkrqix3 x1fey0fg x1s688f" tabindex="0" role="link" href="https://www.bfv.de/news/lasstsiespielen/2024/11/bfv-kampagne-beschert-der-djk-fc-sesslach-31-neue-madels?fbclid=IwZXh0bgNhZW0CMTAAAR1PXnzCQNDWw7DSwWzSFxW1zONZlICOQG8qoe8ZVEZw1CayuUZaREfrGMQ_aem_wcsgsDxEpO8XPMu7nNY5Sw" target="_blank" rel="nofollow noopener">https://www.bfv.de/&#8230;/bfv-kampagne-beschert-der-djk-fc&#8230;</a></span></div>
</div>
<div class="x11i5rnm xat24cr x1mh8g0r x1vvkbs xtlvy1s x126k92a">
<div dir="auto"></div>
<div dir="auto" style="text-align: center;"></div>
</div>
<div dir="auto"></div>
</div>
<div dir="auto"></div>
<div dir="auto"><img loading="lazy" decoding="async" class="size-medium wp-image-3923 aligncenter" src="https://djk-fc-sesslach.de/wp-content/uploads/2024/11/Daniel-300x200.jpg" alt="" width="300" height="200" srcset="https://djk-fc-sesslach.de/wp-content/uploads/2024/11/Daniel-300x200.jpg 300w, https://djk-fc-sesslach.de/wp-content/uploads/2024/11/Daniel-1024x682.jpg 1024w, https://djk-fc-sesslach.de/wp-content/uploads/2024/11/Daniel-768x512.jpg 768w, https://djk-fc-sesslach.de/wp-content/uploads/2024/11/Daniel-1160x773.jpg 1160w, https://djk-fc-sesslach.de/wp-content/uploads/2024/11/Daniel.jpg 1376w" sizes="auto, (max-width: 300px) 100vw, 300px" /></div>
<article id="post-3693" class="blog-post post-3693 post type-post status-publish format-standard sticky hentry category-news24">
<div class="post-content">
<div class="x11i5rnm xat24cr x1mh8g0r x1vvkbs xtlvy1s x126k92a">
<div dir="auto"></div>
</div>
<div class="x11i5rnm xat24cr x1mh8g0r x1vvkbs xtlvy1s x126k92a">
<div dir="auto"></div>
</div>
</div>
</article>

<p>. Du willst bei und mitmachen? Ansprechpartner: Daniel Müller – Mobilnummer 0173 9555500 Trainingszeiten: Montag &amp; Mittwoch jeweils 17 – 18:30 Uhr Zur Saison 2025/2026 haben wir folgende Teams im Spielbetrieb: C-Juniorinnen/U15 D-Juniorinnen/U13 &#8211; 2 Teams . #Lasstsiespielen durchgespielt: Daniel Müller von der DJK/FC 1922 Seßlach aus Oberfranken hat mithilfe der Mädchenfußball-Kampagne des Bayerischen Fußball-Verbandes (BFV) drei Mädchenteams mit insgesamt über 30 Mädchen gegründet – und hat weiterhin Großes vor. Den kompletten Artikel gibt es hier: https://www.bfv.de/&#8230;/bfv-kampagne-beschert-der-djk-fc&#8230;</p>
