{"id":519,"date":"2019-03-28T07:27:51","date_gmt":"2019-03-28T07:27:51","guid":{"rendered":"https:\/\/djk-fc-sesslach.de\/?page_id=519"},"modified":"2026-02-15T15:15:07","modified_gmt":"2026-02-15T14:15:07","slug":"beitrit-djk-fc-sesslach","status":"publish","type":"page","link":"https:\/\/djk-fc-sesslach.de\/index.php\/beitrit-djk-fc-sesslach\/","title":{"rendered":"Beitritt DJK\/FC Sesslach"},"content":{"rendered":"\n<p>Du m\u00f6chtest Mitglied bei der DJK\/FC Se\u00dflach werden? Dann einfach nachfolgende Beitrittserkl\u00e4rung herunterladen, ausdrucken, ausf\u00fcllen und an folgende Adresse senden:&nbsp;DJK\/FC Se\u00dflach, Wolfgang R\u00f6\u00dfner, Karl-Franz-Str. 11, 96145 Se\u00dflach oder per E-Mail an djk-fc-sesslach@freenet.de<\/p>\n\n\n\n<p>&nbsp;<\/p>\n\n\n\n<p class=\"has-text-align-left\">&nbsp;<\/p>\n\n\n\n<div data-wp-interactive=\"core\/file\" class=\"wp-block-file\"><object data-wp-bind--hidden=\"!state.hasPdfPreview\" hidden class=\"wp-block-file__embed\" data=\"https:\/\/djk-fc-sesslach.de\/wp-content\/uploads\/2026\/02\/Beitritt-DJK-FC.pdf\" type=\"application\/pdf\" style=\"width:100%;height:600px\" aria-label=\"Einbettung von Beitritt DJK-FC.\"><\/object><a id=\"wp-block-file--media-53a4cef7-69d1-4cec-8feb-8ec1def0e172\" href=\"https:\/\/djk-fc-sesslach.de\/wp-content\/uploads\/2026\/02\/Beitritt-DJK-FC.pdf\">Beitritt DJK-FC<\/a><a href=\"https:\/\/djk-fc-sesslach.de\/wp-content\/uploads\/2026\/02\/Beitritt-DJK-FC.pdf\" class=\"wp-block-file__button wp-element-button\" download aria-describedby=\"wp-block-file--media-53a4cef7-69d1-4cec-8feb-8ec1def0e172\">Herunterladen<\/a><\/div>\n","protected":false},"excerpt":{"rendered":"<p>Du m\u00f6chtest Mitglied bei der DJK\/FC Se\u00dflach werden? Dann einfach nachfolgende Beitrittserkl\u00e4rung herunterladen, ausdrucken, ausf\u00fcllen und an folgende Adresse senden:&nbsp;DJK\/FC Se\u00dflach, Wolfgang R\u00f6\u00dfner, Karl-Franz-Str. 11, 96145 Se\u00dflach oder per E-Mail an djk-fc-sesslach@freenet.de &nbsp; &nbsp;<\/p>\n","protected":false},"author":1,"featured_media":0,"parent":0,"menu_order":0,"comment_status":"closed","ping_status":"closed","template":"","meta":{"footnotes":""},"class_list":["post-519","page","type-page","status-publish","hentry"],"acf":[],"_links":{"self":[{"href":"https:\/\/djk-fc-sesslach.de\/index.php\/wp-json\/wp\/v2\/pages\/519","targetHints":{"allow":["GET"]}}],"collection":[{"href":"https:\/\/djk-fc-sesslach.de\/index.php\/wp-json\/wp\/v2\/pages"}],"about":[{"href":"https:\/\/djk-fc-sesslach.de\/index.php\/wp-json\/wp\/v2\/types\/page"}],"author":[{"embeddable":true,"href":"https:\/\/djk-fc-sesslach.de\/index.php\/wp-json\/wp\/v2\/users\/1"}],"replies":[{"embeddable":true,"href":"https:\/\/djk-fc-sesslach.de\/index.php\/wp-json\/wp\/v2\/comments?post=519"}],"version-history":[{"count":16,"href":"https:\/\/djk-fc-sesslach.de\/index.php\/wp-json\/wp\/v2\/pages\/519\/revisions"}],"predecessor-version":[{"id":4276,"href":"https:\/\/djk-fc-sesslach.de\/index.php\/wp-json\/wp\/v2\/pages\/519\/revisions\/4276"}],"wp:attachment":[{"href":"https:\/\/djk-fc-sesslach.de\/index.php\/wp-json\/wp\/v2\/media?parent=519"}],"curies":[{"name":"wp","href":"https:\/\/api.w.org\/{rel}","templated":true}]}}